 s - 256. Calculate the remainder when 431 is divided by r.
15
Suppose x = 621 + 234. What is the remainder when x is divided by (26/(-5434)*-22 - 2960/(-38))*1?
75
Let d = 973 + -317. Let z = -441 + d. What is the remainder when z is divided by 72?
71
Suppose 4*w = -0*w + 652. Suppose -5*u - 4*z + 233 = 0, -2*z + 260 = 350*u - 344*u. Calculate the remainder when w is divided by u.
40
Let h = 44 - 112. Suppose b + b + 5*t = 234, 0 = -2*t. Let q = h + b. What is the remainder when q is divided by 26?
23
Let r = -46 + 49. Suppose r = -0*f + f. Let m = 10 + -6. What is the remainder when m is divided by f?
1
Let q(c) = -9*c**3 - 2*c**2 - 4*c - 2. Let p be q(-1). Suppose -6*n + 9*n = -p. Let k = n + 25. What is the remainder when 61 is divided by k?
17
Let o(x) = 18*x**2 + 6*x + 3. Let c = -11 + 8. Let g = c + 18. Calculate the remainder when o(-3) is divided by g.
12
What is the remainder when 709 is divided by (184*8/48 - (-8)/(-12)) + 4?
29
Let n(m) = 6*m**3 - m + 2. Suppose -13*r - 8 = -21. What is the remainder when (-138)/(-7) + (-14)/(-49) is divided by n(r)?
6
Let m(x) be the third derivative of -x**6/120 - 3*x**5/20 + 13*x**4/24 + 55*x**3/6 - 96*x**2. Calculate the remainder when 149 is divided by m(-10).
24
Let x(h) = h**2 + 11*h - 2. Let b be x(-9). Let k(m) = -m**3 + 7*m**2 - 3*m - 1. What is the remainder when 31/(-2 + (-44)/b) is divided by k(3)?
25
Suppose 2*y + 47 = z, -7*y + 263 = 4*z + 150. Calculate the remainder when 3215 is divided by z.
33
Let n = 91 + -67. Calculate the remainder when n is divided by (32/24)/((-16)/(-60)).
4
What is the remainder when (121002/(-7035))/((-4)/(-30)*-1) is divided by 91?
38
Let x(j) = -j**3 + 4*j**2 + 7*j + 5. Let w(q) = 12255*q + 49063. Calculate the remainder when x(-5) is divided by w(-4).
23
Let d(n) = 4*n**2 + 4*n + 5. Let l = 7 - 11. Calculate the remainder when d(l) is divided by (4/(-10) - (-4473)/420) + (-10)/8.
8
Let o(b) = -b**2 - 18*b + 109. Calculate the remainder when 2771 is divided by o(-17).
125
Let i(j) = j**3 + 93*j**2 - 198*j - 614. Calculate the remainder when 9341 is divided by i(-95).
143
Calculate the remainder when 944 + (8 - (-22 + 13)) is divided by 33.
4
Suppose 2*h = n + 3*n + 62, n + h + 11 = 0. Let u(p) = -p**3 - 8*p**2 - 8*p + 6. Calculate the remainder when u(-7) is divided by (n - 342/(-27))*(-15)/4.
3
Let s = -6 + 10. Suppose -5*y = 4*l - 236, -81 = -2*l - 4*y + 31. Suppose 0 = 12*z - 56 - l. What is the remainder when z is divided by s?
2
Let f(n) = 36*n - 220. What is the remainder when f(12) is divided by 0 + 15 + (-3)/(-1)?
14
Suppose -5*d + 100 + 45 = 0. Suppose -24*l + 45 = -d*l. What is the remainder when 4/(-18) + (-479)/l is divided by 19?
15
Suppose -4*u - 25 = -2*s - 5, -3*u - 8 = 2*s. What is the remainder when s*2/(-8) - 74/(-4) is divided by 15?
3
Let j = -2143 - -2217. What is the remainder when 495 is divided by j?
51
Let n = 872 - 861. What is the remainder when 56 is divided by 10/14*(n - 4)?
1
Let n(m) = -21*m - 345. Let y(g) = -g + 2. Let k be y(-6). Suppose k*w - 40 = 3*w. Calculate the remainder when n(-17) is divided by w.
4
Let z = -291 + 412. Let b(o) = -9*o - 42. Let l be b(9). What is the remainder when z is divided by 2/(2/l)*9/(-27)?
39
Let w = -365 - 5. Let d = w - -399. Calculate the remainder when 88 is divided by d.
1
Suppose 4*l - u + 2*u = 8, 2*u - 1 = -3*l. Suppose -4*j - l*y + 5 = -5*j, 2*y = -j. What is the remainder when 28 is divided by 1*j*(-238)/28?
11
Suppose -2*c = -f + 149 + 24, -3*c + 736 = 4*f. Suppose -173*b = -f*b + 248. Let i(m) = m**2 - 6*m + 6. What is the remainder when i(-5) is divided by b?
30
Let k = 1281 - 1228. Calculate the remainder when 139 is divided by k.
33
Suppose -652 = -60*y + 368. Calculate the remainder when 2/(-11) + (-1992)/(-66) is divided by y.
13
Suppose 4*j - 2*s - 16 = 0, 4*j - 1 = -5*s + 1. Suppose j*q - 19 = 29. Let m = -30 + 61. What is the remainder when m is divided by q?
15
Suppose -2*m = -3 - 9. Let t = m + -4. What is the remainder when 1769/870 + 19/(-570) is divided by t?
0
Let o = -3104 + 3403. What is the remainder when o is divided by 78?
65
Suppose -2*k - 24 = -5*k. Suppose -8*c - 16 = k. What is the remainder when 3/(2178/(-3905) + c/(-5)) is divided by 12?
11
Let i(v) = -22*v**3 - 5*v**2 + 11*v + 54. What is the remainder when i(-3) is divided by 136?
26
Suppose 2028 - 238 = 5*q. Calculate the remainder when q is divided by 30.
28
Suppose 4*l - 1038 = -2*s, 5*l - 1554 = -7*s + 4*s. What is the remainder when s is divided by 49?
23
Let a = 118 + -55. Let x = 390 + -369. Calculate the remainder when a is divided by x.
0
Let q = -5307 + 5575. What is the remainder when 4284 is divided by q?
264
Suppose 45*g = 1143 + 401 - 194. Suppose -456 = 3*d - 7*d. What is the remainder when d is divided by g?
24
Let z(l) = -7*l + 60. Let m be z(-14). Suppose -2*u - 2*g = -m, g + 2*g - 15 = 0. Let c = 7 + 4. Calculate the remainder when u is divided by c.
8
Let t = 37179 - 37059. What is the remainder when 1676 is divided by t?
116
Suppose 0*o = c + 5*o - 1004, -5*o - 2872 = -3*c. Calculate the remainder when c is divided by 81.
78
Let m be 16 - 64 - (-3 + (0 - 0)). What is the remainder when 29 is divided by ((-216)/m)/(3/10)?
13
Let h(a) = -a**2 - 45*a + 921. Suppose 5*u = 3*u + 60. What is the remainder when u is divided by h(15)?
9
Let c(y) = 3*y**2 - 11*y + 8. Let p = -9 + 130. Suppose -114 = i - p. What is the remainder when c(i) is divided by 8?
6
Suppose 3*g - 215*m + 214*m - 106 = 0, 0 = -3*g - 6*m - 6. Let f(d) = 37*d - 1. Calculate the remainder when f(1) is divided by g.
6
Let j(v) = -v**3 + 7*v**2 + 9*v + 14. Let s be j(8). Suppose 2*b + 0 = -4*r - 2, 5*r = 4*b - s. Let i = r + 10. What is the remainder when 23 is divided by i?
7
Calculate the remainder when 309 is divided by 64 + -30*(-4)/24.
33
Let o(c) be the first derivative of -c**4/2 + c**2 + c + 2. Suppose 4788 = 5*z + 4608. Calculate the remainder when z is divided by o(-2).
10
Let z(j) = -86*j + 36. Let f be z(-5). Suppose -2*n + 661 = 3*m, -3*n - f = -2*m + 2*n. Calculate the remainder when m is divided by 15.
13
Let c(f) = 2*f**2 + 181*f - 1315. Calculate the remainder when 90 is divided by c(7).
40
Let t(l) = 16*l + 27. Let j(z) = -z - 2. Let q(o) = -4*j(o) + t(o). What is the remainder when 192 is divided by q(-1)?
12
Let v be 80*(180/(-16))/15. What is the remainder when 18 is divided by 1 + (-310)/v - 5/(-6)?
4
Suppose -y = -10*y + 387. Let n = 45 + y. Let u(x) = x**2 - 6. Calculate the remainder when n is divided by u(6).
28
Suppose 0 = -21*m - 12*m + 30*m + 993. Calculate the remainder when m is divided by 66.
1
Calculate the remainder when -2*(4/(-7) + 1678/(-28)) is divided by (-2 + 6)/(11/88).
25
Let x(c) = -c**2 + 100. Suppose -326 + 360 = w. What is the remainder when x(0) is divided by w?
32
Suppose -91*t + 148*t = 15279 + 26958. Calculate the remainder when 742 is divided by t.
1
Suppose 0*k = k. Suppose -3*y = -k*y + 126. Calculate the remainder when 37 is divided by ((-112)/y)/((-1)/(-3)).
5
Suppose -4*w + 4*s + 227 = -3*w, 3*s - 192 = -w. Calculate the remainder when w is divided by 145.
62
Let j(h) = 18*h**3 - h. Let m be (-3)/(18/102*-1). Let q be 1*3 - (19 - m). What is the remainder when 67 is divided by j(q)?
16
Suppose -v + 11 = 4*d, 5*d - 3*d = 4. Suppose -3*a - 23 - 182 = -5*q, -q = -v*a - 41. Let z = q - 26. What is the remainder when 27 is divided by z?
12
What is the remainder when 202 is divided by 24/(21/(-35)*10/(-12))?
10
Let g = 2806 - 1922. Let i = 511 - g. Let p = -256 - i. Calculate the remainder when p is divided by 20.
17
What is the remainder when 4320 + 30/(-12)*2 + (7 - 4) is divided by 18?
16
Let g = 37872 - 37784. Suppose l - 8 = 14. Let x = l + -9. Calculate the remainder when g is divided by x.
10
Let c = 6 + -45. Let d = c + 93. Let k = 533 + -514. Calculate the remainder when d is divided by k.
16
Suppose 1704 = -10*u + 6414. Let k = -432 + u. What is the remainder when 193 is divided by k?
37
Let r = -11343 - -11737. What is the remainder when r is divided by 177?
40
Suppose 2*i + 1132 = 4*m - 0*i, -2*i - 564 = -2*m. Calculate the remainder when m is divided by (8 + 36 - 36) + -3*1.
4
Suppose 32 = -14*u + 15*u. Suppose -3*h = 2*y - 503, -18*h + y = -13*h - 821.